{"id":1707201,"date":"2025-04-17T16:54:48","date_gmt":"2025-04-17T14:54:48","guid":{"rendered":"https:\/\/bbies.fr\/couches-lavables\/?post_type=product&#038;p=1707201"},"modified":"2026-03-05T16:58:00","modified_gmt":"2026-03-05T15:58:00","slug":"duo-2-couches-lavables-te1-microfibre-1-insert-nuit-1-sac","status":"publish","type":"product","link":"https:\/\/bbies.fr\/couches-lavables\/boutique\/duo-2-couches-lavables-te1-microfibre-1-insert-nuit-1-sac\/","title":{"rendered":"Duo 2 Couches lavables Te1 microfibre + 1 insert nuit + 1 sac"},"content":{"rendered":"<p>[et_pb_section fb_built=\u00a0\u00bb1&Prime; theme_builder_area=\u00a0\u00bbpost_content\u00a0\u00bb _builder_version=\u00a0\u00bb4.27.6&Prime; _module_preset=\u00a0\u00bbdefault\u00a0\u00bb][\/et_pb_section]<\/p>\n","protected":false},"excerpt":{"rendered":"<div class=\"et_pb_module et_pb_wc_description et_pb_wc_description_0_tb_body et_pb_bg_layout_light et_pb_text_align_left\">\n<div class=\"et_pb_module_inner\">\n<p>Ce lot de 2 couches lavables Te1M\u00a0 en Microfibre est accompagn\u00e9 d\u2019un sac de transport \/ stockage en PUL et d&rsquo;un insert en chanvre.<\/p>\n<p>La couche lavable en microfibre combine simplicit\u00e9 d\u2019utilisation et confort pour votre b\u00e9b\u00e9. Son atout : un s\u00e9chage ultra rapide gr\u00e2ce \u00e0 la microfibre. Elle repose sur le syst\u00e8me Tout en Un : utilisation aussi facile qu\u2019une couche jetable. Glissez l\u2019insert fourni dans la couche et c\u2019est pr\u00eat !<\/p>\n<p>Toutes nos couches sont \u00e9volutives gr\u00e2ce aux boutons pressions qui permettent un ajustement \u00e0 la morphologie de b\u00e9b\u00e9. Elles grandiront avec votre enfant.<\/p>\n<p>&nbsp;<\/p>\n<ul>\n<li>Taille unique de 3 \u00e0 17 kilos<\/li>\n<li>Labellis\u00e9 Oeko Tex et Gots<\/li>\n<li>R\u00e9glage facile gr\u00e2ce aux boutons pressions<\/li>\n<li>Doubles goussets antifuite<\/li>\n<li>Culotte imperm\u00e9able et respirante<\/li>\n<li>Insert absorbant effet au sec<\/li>\n<li>Simple et rapide d\u2019utilisation<\/li>\n<li>S\u00e9chage rapide<\/li>\n<\/ul>\n<p>En suppl\u00e9ment, dans ce \u201ccombo\u201d vous recevrez :<\/p>\n<ul>\n<li>1 insert nuit en chanvre : tr\u00e8s absorbant (id\u00e9al pour la nuit)<\/li>\n<li>Le sac imperm\u00e9able est zipp\u00e9. Il ne laissera pas passer les odeurs. Il passe en machine.<\/li>\n<\/ul>\n<\/div>\n<\/div>\n","protected":false},"featured_media":1707204,"comment_status":"closed","ping_status":"closed","template":"","meta":{"_acf_changed":false,"_et_pb_use_builder":"on","_et_pb_old_content":"<div class=\"et_pb_text_inner\">\r\n<div class=\"et_pb_text_inner\">\r\n<h2>Comment fonctionne une couche lavable Te1 (Tout en un) Microfibre<\/h2>\r\n<h3>La facilit\u00e9 d\u2019utilisation<\/h3>\r\nPour commencer la d\u00e9signation Te1 (Tout en un) signifie que la couche est en une pi\u00e8ce. Il faut donc changer la couche \u00e0 chaque fois. C\u2019est le syst\u00e8me qui s\u2019apparente le plus \u00e0 la couche jetable dans son utilisation. Les couches lavables Te1 sont donc tr\u00e8s faciles \u00e0 prendre en main. (Par opposition au syst\u00e8me Tout en deux (Te2) qui signifie que la couche est en deux parties : une partie \u00e0 changer \u00e0 chaque fois et une l\u2019autre partie que l\u2019on peut r\u00e9utiliser 3 \u00e0 4 fois.)\r\n<h3>Un achat unique : des couches qui grandissent avec b\u00e9b\u00e9<\/h3>\r\n<strong>La couche Te1 est de taille unique.<\/strong> Elle se r\u00e8gle \u00e0 la morphologie de votre enfant gr\u00e2ce \u00e0 un syst\u00e8me de bouton-pression ou de velcro. Ainsi, ces couches accompagneront votre enfant jusqu`\u00e0 sa propret\u00e9 car il n\u2019est pas n\u00e9cessaire de racheter des couches lorsque b\u00e9b\u00e9 grandit.\u00a0 Il suffit juste de r\u00e9ajuster le r\u00e9glage de la couche pour que b\u00e9b\u00e9 se sente plus \u00e0 l\u2019aise.\r\n<h3>Ses atouts : Absorption et s\u00e9chage rapide<\/h3>\r\nA l\u2019int\u00e9rieur de la couche Te1, on ajoute des parties absorbantes, appel\u00e9es Inserts. Les inserts fournis dans le pack Te1 Microfibre sont en microfibre. Mais tous les inserts propos\u00e9s sur notre site sont compatibles. Vous pouvez donc compl\u00e9ter ce pack avec des inserts en bambou. Dans nos couches lavables Te1 microfibre, l\u2019insert se glisse \u00e0 l\u2019int\u00e9rieur de la couche. Le tissu microfibre pr\u00e9sente l\u2019avantage de s\u00e9cher tr\u00e8s rapidement.\r\n<h3>Des tissus : absorbants, respirants, sains et certifi\u00e9s !<\/h3>\r\nLa partie ext\u00e9rieure de la couche lavable TE1 est con\u00e7ue en PUL, un tissu respirant et imperm\u00e9able. La partie int\u00e9rieure de la couche TE1 Microfibre est en su\u00e9dine. L\u2019insert fourni est en microfibre. Tous nos tissus r\u00e9pondent aux normes impos\u00e9es et sont lab\u00e9lis\u00e9s OEKO TEX Standard 100 Classe I et GOTS . Ces labels sont les plus exigeants, il garantissent l\u2019innocuit\u00e9 des tissus sur la peau des b\u00e9b\u00e9s.\r\n<h3>Les coloris<\/h3>\r\nGar\u00e7ons, filles, mixtes, unis ou \u00e0 motifs, coloris estival, printanier, vif ou pastel, faites vous plaisir !\r\n\r\n<hr \/>\r\n\r\n<h3>Composition<\/h3>\r\n<strong>Couche partie int\u00e9rieure<\/strong> : 100% su\u00e9dine <strong>Couche partie ext\u00e9rieure<\/strong> : 100% PUL ( tissu polyester lamin\u00e9 : imperm\u00e9able et respirant) certifi\u00e9 Oeko-Tex\u00ae <strong>Insert<\/strong> : 100% microfibre certifi\u00e9 Oeko-Tex\u00ae\r\n\r\n<hr \/>\r\n\r\n<h3>Entretien<\/h3>\r\n<strong>Pour la culotte<\/strong> :\r\n<ul>\r\n \t<li>Lavage en machine \u00e0 40\u00b0 maximum.<\/li>\r\n \t<li>Ne pas passez au s\u00e8che-linge.<\/li>\r\n \t<li>Ne pas laisser les culottes et inserts dans leur seau de stockage plus de 2 jours.<\/li>\r\n<\/ul>\r\nPour les <strong>inserts<\/strong> :\r\n<ul>\r\n \t<li>Lavage en machine \u00e0 40\u00b0 maximum.<\/li>\r\n \t<li>Pr\u00e9f\u00e9rez un s\u00e9chage \u00e0 l\u2019air libre. Vous pouvez les passer au s\u00e8che-linge, mais \u00e9vitez le programme intensif.<\/li>\r\n \t<li>Ne pas laisser les culottes et inserts dans leur seau de stockage plus de 48 heures.<\/li>\r\n<\/ul>\r\n<\/div>\r\nLes options possibles suppl\u00e9mentaires <a href=\"https:\/\/bbies.fr\/couches-lavables\/wp-content\/uploads\/2019\/12\/Lot-15-couches-TE1-bambou-800-x800-5.jpg\"><img class=\"wp-image-1683082 alignnone\" src=\"https:\/\/bbies.fr\/couches-lavables\/wp-content\/uploads\/2019\/12\/Lot-15-couches-TE1-bambou-800-x800-5.jpg\" alt=\"\" width=\"241\" height=\"241\" \/><\/a> <strong>Les nuits en toute tranquillit\u00e9 :<\/strong> augmenter l\u2019absorption en optant pour des inserts nuit en chanvre. Le chanvre est une mati\u00e8re ultra absorbante pour une tr\u00e8s forte absorption. L\u2019insert se fixe dans la couche et se plie en 2. <strong>Nettoyage facilit\u00e9<\/strong> : les voiles de protection capturent les selles de b\u00e9b\u00e9. Ainsi votre couche ne contient plus que les urines. Plus simple au lavage ! Lors du change vous jetez le voile dans les toilettes ou dans la poubelle. Par 100, 400 ou encore 1200 faites le plein de voiles de protection !\r\n\r\n<\/div>","_et_gb_content_width":""},"product_brand":[1230],"product_cat":[37,1327,549,406,39],"product_tag":[],"class_list":{"0":"post-1707201","1":"product","2":"type-product","3":"status-publish","4":"has-post-thumbnail","6":"product_brand-bbies","7":"product_cat-couches-lavables","8":"product_cat-duo-couches-lavables","9":"product_cat-les-bonnes-affaires","10":"product_cat-combos","11":"product_cat-te1-microfibre","12":"pa_matiere-microfibre","13":"pa_produits-couche-te1","15":"first","16":"instock","17":"sale","18":"taxable","19":"shipping-taxable","20":"purchasable","21":"product-type-bundle"},"bundled_by":[],"bundle_stock_status":"instock","bundle_stock_quantity":10,"bundle_virtual":false,"bundle_layout":"default","bundle_add_to_cart_form_location":"default","bundle_editable_in_cart":false,"bundle_sold_individually_context":"product","bundle_item_grouping":"noindent","bundle_min_size":"","bundle_max_size":"","bundle_price":{"price":{"min":{"incl_tax":"36.9","excl_tax":"30.75"},"max":{"incl_tax":"36.9","excl_tax":"30.75"}},"regular_price":{"min":{"incl_tax":"63","excl_tax":"52.5"},"max":{"incl_tax":"63","excl_tax":"52.5"}}},"bundled_items":[{"bundled_item_id":2915,"product_id":1702416,"menu_order":0,"quantity_min":1,"quantity_max":1,"quantity_default":1,"priced_individually":false,"shipped_individually":false,"override_title":true,"title":"Samy la tortue","override_description":true,"description":"","optional":false,"hide_thumbnail":false,"discount":"","override_variations":false,"allowed_variations":[],"override_default_variation_attributes":false,"default_variation_attributes":[],"single_product_visibility":"visible","cart_visibility":"visible","order_visibility":"visible","single_product_price_visibility":"visible","cart_price_visibility":"visible","order_price_visibility":"visible","stock_status":"in_stock"},{"bundled_item_id":2916,"product_id":1701202,"menu_order":1,"quantity_min":1,"quantity_max":1,"quantity_default":1,"priced_individually":false,"shipped_individually":false,"override_title":true,"title":"Jaune","override_description":true,"description":"","optional":false,"hide_thumbnail":false,"discount":"","override_variations":false,"allowed_variations":[],"override_default_variation_attributes":false,"default_variation_attributes":[],"single_product_visibility":"visible","cart_visibility":"visible","order_visibility":"visible","single_product_price_visibility":"visible","cart_price_visibility":"visible","order_price_visibility":"visible","stock_status":"in_stock"},{"bundled_item_id":2109,"product_id":1689553,"menu_order":2,"quantity_min":1,"quantity_max":1,"quantity_default":1,"priced_individually":false,"shipped_individually":false,"override_title":true,"title":"1 sac (M) pour couche lavable - \u00e0 choisir","override_description":true,"description":"","optional":false,"hide_thumbnail":false,"discount":"","override_variations":true,"allowed_variations":[1700742],"override_default_variation_attributes":true,"default_variation_attributes":[{"id":33,"name":"Coloris \/ Motifs","option":"anis"}],"single_product_visibility":"visible","cart_visibility":"visible","order_visibility":"visible","single_product_price_visibility":"visible","cart_price_visibility":"visible","order_price_visibility":"visible","stock_status":"in_stock"},{"bundled_item_id":2110,"product_id":696,"menu_order":3,"quantity_min":1,"quantity_max":1,"quantity_default":1,"priced_individually":false,"shipped_individually":false,"override_title":true,"title":"1 insert en chanvre pour la nuit","override_description":true,"description":"","optional":false,"hide_thumbnail":false,"discount":"","override_variations":true,"allowed_variations":[1698983],"override_default_variation_attributes":true,"default_variation_attributes":[{"id":0,"name":"Quantit\u00e9","option":"1 insert (-25 % de remise )"}],"single_product_visibility":"visible","cart_visibility":"visible","order_visibility":"visible","single_product_price_visibility":"visible","cart_price_visibility":"visible","order_price_visibility":"visible","stock_status":"in_stock"}],"bundle_sell_ids":[],"acf":[],"yoast_head":"<!-- This site is optimized with the Yoast SEO plugin v27.4 - https:\/\/yoast.com\/product\/yoast-seo-wordpress\/ -->\n<title>Duo 2 Couches lavables Te1 microfibre + 1 insert nuit + 1 sac | B&#039;bies<\/title>\n<meta name=\"robots\" content=\"index, follow, max-snippet:-1, max-image-preview:large, max-video-preview:-1\" \/>\n<link rel=\"canonical\" href=\"https:\/\/bbies.fr\/couches-lavables\/boutique\/duo-2-couches-lavables-te1-microfibre-1-insert-nuit-1-sac\/\" \/>\n<script type=\"application\/ld+json\" class=\"yoast-schema-graph\">{\"@context\":\"https:\\\/\\\/schema.org\",\"@graph\":[{\"@type\":\"WebPage\",\"@id\":\"https:\\\/\\\/bbies.fr\\\/couches-lavables\\\/boutique\\\/duo-2-couches-lavables-te1-microfibre-1-insert-nuit-1-sac\\\/\",\"url\":\"https:\\\/\\\/bbies.fr\\\/couches-lavables\\\/boutique\\\/duo-2-couches-lavables-te1-microfibre-1-insert-nuit-1-sac\\\/\",\"name\":\"Duo 2 Couches lavables Te1 microfibre + 1 insert nuit + 1 sac | B&#039;bies\",\"isPartOf\":{\"@id\":\"https:\\\/\\\/bbies.fr\\\/couches-lavables\\\/#website\"},\"primaryImageOfPage\":{\"@id\":\"https:\\\/\\\/bbies.fr\\\/couches-lavables\\\/boutique\\\/duo-2-couches-lavables-te1-microfibre-1-insert-nuit-1-sac\\\/#primaryimage\"},\"image\":{\"@id\":\"https:\\\/\\\/bbies.fr\\\/couches-lavables\\\/boutique\\\/duo-2-couches-lavables-te1-microfibre-1-insert-nuit-1-sac\\\/#primaryimage\"},\"thumbnailUrl\":\"https:\\\/\\\/bbies.fr\\\/couches-lavables\\\/wp-content\\\/uploads\\\/2024\\\/06\\\/BUN_DUOCLTE1M-01-Duo-couches-lavables.jpg\",\"datePublished\":\"2025-04-17T14:54:48+00:00\",\"dateModified\":\"2026-03-05T15:58:00+00:00\",\"breadcrumb\":{\"@id\":\"https:\\\/\\\/bbies.fr\\\/couches-lavables\\\/boutique\\\/duo-2-couches-lavables-te1-microfibre-1-insert-nuit-1-sac\\\/#breadcrumb\"},\"inLanguage\":\"fr-FR\",\"potentialAction\":[{\"@type\":\"ReadAction\",\"target\":[\"https:\\\/\\\/bbies.fr\\\/couches-lavables\\\/boutique\\\/duo-2-couches-lavables-te1-microfibre-1-insert-nuit-1-sac\\\/\"]}]},{\"@type\":\"ImageObject\",\"inLanguage\":\"fr-FR\",\"@id\":\"https:\\\/\\\/bbies.fr\\\/couches-lavables\\\/boutique\\\/duo-2-couches-lavables-te1-microfibre-1-insert-nuit-1-sac\\\/#primaryimage\",\"url\":\"https:\\\/\\\/bbies.fr\\\/couches-lavables\\\/wp-content\\\/uploads\\\/2024\\\/06\\\/BUN_DUOCLTE1M-01-Duo-couches-lavables.jpg\",\"contentUrl\":\"https:\\\/\\\/bbies.fr\\\/couches-lavables\\\/wp-content\\\/uploads\\\/2024\\\/06\\\/BUN_DUOCLTE1M-01-Duo-couches-lavables.jpg\",\"width\":800,\"height\":800},{\"@type\":\"BreadcrumbList\",\"@id\":\"https:\\\/\\\/bbies.fr\\\/couches-lavables\\\/boutique\\\/duo-2-couches-lavables-te1-microfibre-1-insert-nuit-1-sac\\\/#breadcrumb\",\"itemListElement\":[{\"@type\":\"ListItem\",\"position\":1,\"name\":\"Accueil\",\"item\":\"https:\\\/\\\/bbies.fr\\\/couches-lavables\\\/\"},{\"@type\":\"ListItem\",\"position\":2,\"name\":\"Boutique Bbies\",\"item\":\"https:\\\/\\\/bbies.fr\\\/couches-lavables\\\/boutique-bbies\\\/\"},{\"@type\":\"ListItem\",\"position\":3,\"name\":\"Duo 2 Couches lavables Te1 microfibre + 1 insert nuit + 1 sac\"}]},{\"@type\":\"WebSite\",\"@id\":\"https:\\\/\\\/bbies.fr\\\/couches-lavables\\\/#website\",\"url\":\"https:\\\/\\\/bbies.fr\\\/couches-lavables\\\/\",\"name\":\"B'bies, couches lavables et r\u00e9utilisables\",\"description\":\"De la naissance \u00e0 la propret\u00e9\",\"publisher\":{\"@id\":\"https:\\\/\\\/bbies.fr\\\/couches-lavables\\\/#organization\"},\"alternateName\":\"BBIES\",\"potentialAction\":[{\"@type\":\"SearchAction\",\"target\":{\"@type\":\"EntryPoint\",\"urlTemplate\":\"https:\\\/\\\/bbies.fr\\\/couches-lavables\\\/?s={search_term_string}\"},\"query-input\":{\"@type\":\"PropertyValueSpecification\",\"valueRequired\":true,\"valueName\":\"search_term_string\"}}],\"inLanguage\":\"fr-FR\"},{\"@type\":\"Organization\",\"@id\":\"https:\\\/\\\/bbies.fr\\\/couches-lavables\\\/#organization\",\"name\":\"B'bies\",\"url\":\"https:\\\/\\\/bbies.fr\\\/couches-lavables\\\/\",\"logo\":{\"@type\":\"ImageObject\",\"inLanguage\":\"fr-FR\",\"@id\":\"https:\\\/\\\/bbies.fr\\\/couches-lavables\\\/#\\\/schema\\\/logo\\\/image\\\/\",\"url\":\"https:\\\/\\\/bbies.fr\\\/couches-lavables\\\/wp-content\\\/uploads\\\/2019\\\/12\\\/logo-web.jpg\",\"contentUrl\":\"https:\\\/\\\/bbies.fr\\\/couches-lavables\\\/wp-content\\\/uploads\\\/2019\\\/12\\\/logo-web.jpg\",\"width\":364,\"height\":151,\"caption\":\"B'bies\"},\"image\":{\"@id\":\"https:\\\/\\\/bbies.fr\\\/couches-lavables\\\/#\\\/schema\\\/logo\\\/image\\\/\"},\"sameAs\":[\"https:\\\/\\\/www.facebook.com\\\/bbies.fr\\\/\",\"https:\\\/\\\/www.instagram.com\\\/bbies.fr\"]}]}<\/script>\n<!-- \/ Yoast SEO plugin. -->","yoast_head_json":{"title":"Duo 2 Couches lavables Te1 microfibre + 1 insert nuit + 1 sac | B&#039;bies","robots":{"index":"index","follow":"follow","max-snippet":"max-snippet:-1","max-image-preview":"max-image-preview:large","max-video-preview":"max-video-preview:-1"},"canonical":"https:\/\/bbies.fr\/couches-lavables\/boutique\/duo-2-couches-lavables-te1-microfibre-1-insert-nuit-1-sac\/","schema":{"@context":"https:\/\/schema.org","@graph":[{"@type":"WebPage","@id":"https:\/\/bbies.fr\/couches-lavables\/boutique\/duo-2-couches-lavables-te1-microfibre-1-insert-nuit-1-sac\/","url":"https:\/\/bbies.fr\/couches-lavables\/boutique\/duo-2-couches-lavables-te1-microfibre-1-insert-nuit-1-sac\/","name":"Duo 2 Couches lavables Te1 microfibre + 1 insert nuit + 1 sac | B&#039;bies","isPartOf":{"@id":"https:\/\/bbies.fr\/couches-lavables\/#website"},"primaryImageOfPage":{"@id":"https:\/\/bbies.fr\/couches-lavables\/boutique\/duo-2-couches-lavables-te1-microfibre-1-insert-nuit-1-sac\/#primaryimage"},"image":{"@id":"https:\/\/bbies.fr\/couches-lavables\/boutique\/duo-2-couches-lavables-te1-microfibre-1-insert-nuit-1-sac\/#primaryimage"},"thumbnailUrl":"https:\/\/bbies.fr\/couches-lavables\/wp-content\/uploads\/2024\/06\/BUN_DUOCLTE1M-01-Duo-couches-lavables.jpg","datePublished":"2025-04-17T14:54:48+00:00","dateModified":"2026-03-05T15:58:00+00:00","breadcrumb":{"@id":"https:\/\/bbies.fr\/couches-lavables\/boutique\/duo-2-couches-lavables-te1-microfibre-1-insert-nuit-1-sac\/#breadcrumb"},"inLanguage":"fr-FR","potentialAction":[{"@type":"ReadAction","target":["https:\/\/bbies.fr\/couches-lavables\/boutique\/duo-2-couches-lavables-te1-microfibre-1-insert-nuit-1-sac\/"]}]},{"@type":"ImageObject","inLanguage":"fr-FR","@id":"https:\/\/bbies.fr\/couches-lavables\/boutique\/duo-2-couches-lavables-te1-microfibre-1-insert-nuit-1-sac\/#primaryimage","url":"https:\/\/bbies.fr\/couches-lavables\/wp-content\/uploads\/2024\/06\/BUN_DUOCLTE1M-01-Duo-couches-lavables.jpg","contentUrl":"https:\/\/bbies.fr\/couches-lavables\/wp-content\/uploads\/2024\/06\/BUN_DUOCLTE1M-01-Duo-couches-lavables.jpg","width":800,"height":800},{"@type":"BreadcrumbList","@id":"https:\/\/bbies.fr\/couches-lavables\/boutique\/duo-2-couches-lavables-te1-microfibre-1-insert-nuit-1-sac\/#breadcrumb","itemListElement":[{"@type":"ListItem","position":1,"name":"Accueil","item":"https:\/\/bbies.fr\/couches-lavables\/"},{"@type":"ListItem","position":2,"name":"Boutique Bbies","item":"https:\/\/bbies.fr\/couches-lavables\/boutique-bbies\/"},{"@type":"ListItem","position":3,"name":"Duo 2 Couches lavables Te1 microfibre + 1 insert nuit + 1 sac"}]},{"@type":"WebSite","@id":"https:\/\/bbies.fr\/couches-lavables\/#website","url":"https:\/\/bbies.fr\/couches-lavables\/","name":"B'bies, couches lavables et r\u00e9utilisables","description":"De la naissance \u00e0 la propret\u00e9","publisher":{"@id":"https:\/\/bbies.fr\/couches-lavables\/#organization"},"alternateName":"BBIES","potentialAction":[{"@type":"SearchAction","target":{"@type":"EntryPoint","urlTemplate":"https:\/\/bbies.fr\/couches-lavables\/?s={search_term_string}"},"query-input":{"@type":"PropertyValueSpecification","valueRequired":true,"valueName":"search_term_string"}}],"inLanguage":"fr-FR"},{"@type":"Organization","@id":"https:\/\/bbies.fr\/couches-lavables\/#organization","name":"B'bies","url":"https:\/\/bbies.fr\/couches-lavables\/","logo":{"@type":"ImageObject","inLanguage":"fr-FR","@id":"https:\/\/bbies.fr\/couches-lavables\/#\/schema\/logo\/image\/","url":"https:\/\/bbies.fr\/couches-lavables\/wp-content\/uploads\/2019\/12\/logo-web.jpg","contentUrl":"https:\/\/bbies.fr\/couches-lavables\/wp-content\/uploads\/2019\/12\/logo-web.jpg","width":364,"height":151,"caption":"B'bies"},"image":{"@id":"https:\/\/bbies.fr\/couches-lavables\/#\/schema\/logo\/image\/"},"sameAs":["https:\/\/www.facebook.com\/bbies.fr\/","https:\/\/www.instagram.com\/bbies.fr"]}]}},"_links":{"self":[{"href":"https:\/\/bbies.fr\/couches-lavables\/wp-json\/wp\/v2\/product\/1707201","targetHints":{"allow":["GET"]}}],"collection":[{"href":"https:\/\/bbies.fr\/couches-lavables\/wp-json\/wp\/v2\/product"}],"about":[{"href":"https:\/\/bbies.fr\/couches-lavables\/wp-json\/wp\/v2\/types\/product"}],"replies":[{"embeddable":true,"href":"https:\/\/bbies.fr\/couches-lavables\/wp-json\/wp\/v2\/comments?post=1707201"}],"wp:featuredmedia":[{"embeddable":true,"href":"https:\/\/bbies.fr\/couches-lavables\/wp-json\/wp\/v2\/media\/1707204"}],"wp:attachment":[{"href":"https:\/\/bbies.fr\/couches-lavables\/wp-json\/wp\/v2\/media?parent=1707201"}],"wp:term":[{"taxonomy":"product_brand","embeddable":true,"href":"https:\/\/bbies.fr\/couches-lavables\/wp-json\/wp\/v2\/product_brand?post=1707201"},{"taxonomy":"product_cat","embeddable":true,"href":"https:\/\/bbies.fr\/couches-lavables\/wp-json\/wp\/v2\/product_cat?post=1707201"},{"taxonomy":"product_tag","embeddable":true,"href":"https:\/\/bbies.fr\/couches-lavables\/wp-json\/wp\/v2\/product_tag?post=1707201"}],"curies":[{"name":"wp","href":"https:\/\/api.w.org\/{rel}","templated":true}]}}