{"id":1717774,"date":"2025-03-04T09:10:34","date_gmt":"2025-03-04T08:10:34","guid":{"rendered":"https:\/\/bbies.fr\/couches-lavables\/?post_type=product&#038;p=1717774"},"modified":"2026-01-06T09:32:34","modified_gmt":"2026-01-06T08:32:34","slug":"gourde-super-fille-enfant-stella-green","status":"publish","type":"product","link":"https:\/\/bbies.fr\/couches-lavables\/boutique\/gourde-super-fille-enfant-stella-green\/","title":{"rendered":"Ma 1er gourde , mod\u00e8le Wonder woman enfant , isotherme"},"content":{"rendered":"<p>[et_pb_section fb_built=\u00a0\u00bb1&Prime; _builder_version=\u00a0\u00bb4.17.4&Prime; _module_preset=\u00a0\u00bbdefault\u00a0\u00bb global_colors_info=\u00a0\u00bb{}\u00a0\u00bb][\/et_pb_section]<\/p>\n","protected":false},"excerpt":{"rendered":"<p data-start=\"1243\" data-end=\"1374\">Cette gourde est un accessoire id\u00e9al qui accompagnera votre enfant lors de ses activit\u00e9s sportives, voyages scolaires ou lors de sorties en plein-air. Gr\u00e2ce \u00e0 son format et \u00e0 ses motifs amusants, la gourde Stella Green en inox est enti\u00e8rement adapt\u00e9e aux besoins de l&rsquo;enfant :<\/p>\n<ul>\n<li data-start=\"1243\" data-end=\"1374\">Acier inoxydable<\/li>\n<li data-start=\"1243\" data-end=\"1374\">Double paroi sans BPA<\/li>\n<li data-start=\"1243\" data-end=\"1374\">Format de 350ml<\/li>\n<li data-start=\"1243\" data-end=\"1374\">Retient le chaud et le froid jusqu&rsquo;\u00e0 12h<\/li>\n<li data-start=\"1243\" data-end=\"1374\">Enti\u00e8rement \u00e9tanche<\/li>\n<li data-start=\"1243\" data-end=\"1374\">S\u00e9curit\u00e9 \u00e0 l&rsquo;ouverture<\/li>\n<li data-start=\"1243\" data-end=\"1374\">Petit bec appropri\u00e9 \u00e0 la bouche de l&rsquo;enfant<\/li>\n<\/ul>\n<p>Cette bouteille isotherme est l&rsquo;alternative parfaite aux bouteilles jetables, polluantes. Orn\u00e9e d&rsquo;\u00e9toiles, d&rsquo;\u00e9clairs et de super-h\u00e9ro\u00efnes, elle est con\u00e7ue pour inspir\u00e9e les enfants dans leurs plus folles aventures.<\/p>\n<p>Faites un geste simple, bon pour votre sant\u00e9 et celle de la plan\u00e8te.<\/p>\n","protected":false},"featured_media":1717777,"comment_status":"closed","ping_status":"closed","template":"","meta":{"_acf_changed":false,"_et_pb_use_builder":"on","_et_pb_old_content":"<h3 data-start=\"73\" data-end=\"129\"><strong data-start=\"77\" data-end=\"127\">Une gourde durable, passe-partout, et adapt\u00e9e \u00e0 l'enfant<\/strong><\/h3>\r\n<h3 data-start=\"131\" data-end=\"502\"><strong>La marque<\/strong><\/h3>\r\nStella Green est une marque engag\u00e9e qui propose des produits alliant design moderne et respect de l\u2019environnement. Sp\u00e9cialis\u00e9e dans les accessoires \u00e9coresponsables, elle privil\u00e9gie la qualit\u00e9, la durabilit\u00e9 et l\u2019esth\u00e9tique. Chaque article, qu\u2019il s\u2019agisse de bouteilles isothermes, de gourdes ou d\u2019autres accessoires, est con\u00e7u pour satisfaire ceux qui cherchent \u00e0 combiner praticit\u00e9 et respect de la plan\u00e8te. Gr\u00e2ce \u00e0 des mat\u00e9riaux de premier choix et un design soign\u00e9, Stella Green encourage un mode de vie responsable, tout en pr\u00e9servant le style.\r\n\r\n<hr \/>\r\n\r\n<h3 data-start=\"669\" data-end=\"728\"><strong data-start=\"673\" data-end=\"726\">Une gourde qui accompagne votre enfant<\/strong><\/h3>\r\nCette collection de gourdes isothermes pour enfants allie style et praticit\u00e9, avec des designs patchwork cr\u00e9atifs et des couleurs \u00e9clatantes. Id\u00e9ales pour les jeunes aventuriers lors de leurs sorties z\u00e9ro d\u00e9chet. Elles sont parfaites pour aborder avec vos petits, le respect de la plan\u00e8te \u00e0 travers des gestes simples et amusants pour eux. Offrez \u00e0 votre enfant une gourde \u00e0 la fois attrayante et fonctionnelle gr\u00e2ce \u00e0 cette gamme ludique, con\u00e7ue pour r\u00e9pondre aux besoins des plus petits.\r\n\r\n<hr \/>\r\n\r\n<h3><strong>Conseils d'utilisation<\/strong><\/h3>\r\nLa gourde isotherme ne doit pas \u00eatre mise au lave-vaisselle ni au micro-ondes. Pour garantir sa long\u00e9vit\u00e9 et pr\u00e9server ses qualit\u00e9s, il est pr\u00e9f\u00e9rable de la laver \u00e0 la main lorsqu\u2019elle est sale.\r\n\r\n<hr \/>\r\n\r\n<h3><b>Contenance<\/b><\/h3>\r\n350ml\r\n\r\n<hr \/>\r\n\r\n<h3><strong>Dimensions<\/strong><\/h3>\r\n22cm x 20cm\r\n\r\n<hr \/>\r\n\r\n<h3><strong>Mat\u00e9riaux<\/strong><\/h3>\r\nAcier inoxydable 304\r\n\r\nDouble paroi sans BPA","_et_gb_content_width":""},"product_brand":[1238],"product_cat":[237,71,519,838,209,1342,441,66],"product_tag":[],"class_list":{"0":"post-1717774","1":"product","2":"type-product","3":"status-publish","4":"has-post-thumbnail","6":"product_brand-stella-green","7":"product_cat-sorties","8":"product_cat-cuisine","9":"product_cat-nouveautes-zero-dechet","10":"product_cat-pique-nique-responsable","11":"product_cat-puericulture","12":"product_cat-rentree-cp-cm2","13":"product_cat-sac-a-gouter","14":"product_cat-zero-dechet","15":"pa_produits-repas","17":"first","18":"instock","19":"sale","20":"taxable","21":"shipping-taxable","22":"purchasable","23":"product-type-simple"},"bundled_by":[],"bundle_stock_status":"instock","bundle_stock_quantity":12,"bundle_virtual":false,"bundle_layout":"","bundle_add_to_cart_form_location":"","bundle_editable_in_cart":false,"bundle_sold_individually_context":"","bundle_item_grouping":"","bundle_min_size":"","bundle_max_size":"","bundle_price":[],"bundled_items":[],"bundle_sell_ids":[],"acf":[],"yoast_head":"<!-- This site is optimized with the Yoast SEO plugin v27.4 - https:\/\/yoast.com\/product\/yoast-seo-wordpress\/ -->\n<title>Ma 1er gourde , mod\u00e8le Wonder woman enfant , isotherme | B&#039;bies<\/title>\n<meta name=\"description\" content=\"Cette gourde est un accessoire id\u00e9al qui accompagnera votre enfant lors de ses activit\u00e9s sportives, voyages scolaires ou lors de sorties en plein-air.\" \/>\n<meta name=\"robots\" content=\"index, follow, max-snippet:-1, max-image-preview:large, max-video-preview:-1\" \/>\n<link rel=\"canonical\" href=\"https:\/\/bbies.fr\/couches-lavables\/boutique\/gourde-super-fille-enfant-stella-green\/\" \/>\n<script type=\"application\/ld+json\" class=\"yoast-schema-graph\">{\"@context\":\"https:\\\/\\\/schema.org\",\"@graph\":[{\"@type\":\"WebPage\",\"@id\":\"https:\\\/\\\/bbies.fr\\\/couches-lavables\\\/boutique\\\/gourde-super-fille-enfant-stella-green\\\/\",\"url\":\"https:\\\/\\\/bbies.fr\\\/couches-lavables\\\/boutique\\\/gourde-super-fille-enfant-stella-green\\\/\",\"name\":\"Ma 1er gourde , mod\u00e8le Wonder woman enfant , isotherme | B&#039;bies\",\"isPartOf\":{\"@id\":\"https:\\\/\\\/bbies.fr\\\/couches-lavables\\\/#website\"},\"primaryImageOfPage\":{\"@id\":\"https:\\\/\\\/bbies.fr\\\/couches-lavables\\\/boutique\\\/gourde-super-fille-enfant-stella-green\\\/#primaryimage\"},\"image\":{\"@id\":\"https:\\\/\\\/bbies.fr\\\/couches-lavables\\\/boutique\\\/gourde-super-fille-enfant-stella-green\\\/#primaryimage\"},\"thumbnailUrl\":\"https:\\\/\\\/bbies.fr\\\/couches-lavables\\\/wp-content\\\/uploads\\\/2025\\\/03\\\/STELLA-03-gourde-super-fille-2-STELLA-GREEN.jpg\",\"datePublished\":\"2025-03-04T08:10:34+00:00\",\"dateModified\":\"2026-01-06T08:32:34+00:00\",\"description\":\"Cette gourde est un accessoire id\u00e9al qui accompagnera votre enfant lors de ses activit\u00e9s sportives, voyages scolaires ou lors de sorties en plein-air.\",\"breadcrumb\":{\"@id\":\"https:\\\/\\\/bbies.fr\\\/couches-lavables\\\/boutique\\\/gourde-super-fille-enfant-stella-green\\\/#breadcrumb\"},\"inLanguage\":\"fr-FR\",\"potentialAction\":[{\"@type\":\"ReadAction\",\"target\":[\"https:\\\/\\\/bbies.fr\\\/couches-lavables\\\/boutique\\\/gourde-super-fille-enfant-stella-green\\\/\"]}]},{\"@type\":\"ImageObject\",\"inLanguage\":\"fr-FR\",\"@id\":\"https:\\\/\\\/bbies.fr\\\/couches-lavables\\\/boutique\\\/gourde-super-fille-enfant-stella-green\\\/#primaryimage\",\"url\":\"https:\\\/\\\/bbies.fr\\\/couches-lavables\\\/wp-content\\\/uploads\\\/2025\\\/03\\\/STELLA-03-gourde-super-fille-2-STELLA-GREEN.jpg\",\"contentUrl\":\"https:\\\/\\\/bbies.fr\\\/couches-lavables\\\/wp-content\\\/uploads\\\/2025\\\/03\\\/STELLA-03-gourde-super-fille-2-STELLA-GREEN.jpg\",\"width\":1080,\"height\":1080},{\"@type\":\"BreadcrumbList\",\"@id\":\"https:\\\/\\\/bbies.fr\\\/couches-lavables\\\/boutique\\\/gourde-super-fille-enfant-stella-green\\\/#breadcrumb\",\"itemListElement\":[{\"@type\":\"ListItem\",\"position\":1,\"name\":\"Accueil\",\"item\":\"https:\\\/\\\/bbies.fr\\\/couches-lavables\\\/\"},{\"@type\":\"ListItem\",\"position\":2,\"name\":\"Boutique Bbies\",\"item\":\"https:\\\/\\\/bbies.fr\\\/couches-lavables\\\/boutique-bbies\\\/\"},{\"@type\":\"ListItem\",\"position\":3,\"name\":\"Ma 1er gourde , mod\u00e8le Wonder woman enfant , isotherme\"}]},{\"@type\":\"WebSite\",\"@id\":\"https:\\\/\\\/bbies.fr\\\/couches-lavables\\\/#website\",\"url\":\"https:\\\/\\\/bbies.fr\\\/couches-lavables\\\/\",\"name\":\"B'bies, couches lavables et r\u00e9utilisables\",\"description\":\"De la naissance \u00e0 la propret\u00e9\",\"publisher\":{\"@id\":\"https:\\\/\\\/bbies.fr\\\/couches-lavables\\\/#organization\"},\"alternateName\":\"BBIES\",\"potentialAction\":[{\"@type\":\"SearchAction\",\"target\":{\"@type\":\"EntryPoint\",\"urlTemplate\":\"https:\\\/\\\/bbies.fr\\\/couches-lavables\\\/?s={search_term_string}\"},\"query-input\":{\"@type\":\"PropertyValueSpecification\",\"valueRequired\":true,\"valueName\":\"search_term_string\"}}],\"inLanguage\":\"fr-FR\"},{\"@type\":\"Organization\",\"@id\":\"https:\\\/\\\/bbies.fr\\\/couches-lavables\\\/#organization\",\"name\":\"B'bies\",\"url\":\"https:\\\/\\\/bbies.fr\\\/couches-lavables\\\/\",\"logo\":{\"@type\":\"ImageObject\",\"inLanguage\":\"fr-FR\",\"@id\":\"https:\\\/\\\/bbies.fr\\\/couches-lavables\\\/#\\\/schema\\\/logo\\\/image\\\/\",\"url\":\"https:\\\/\\\/bbies.fr\\\/couches-lavables\\\/wp-content\\\/uploads\\\/2019\\\/12\\\/logo-web.jpg\",\"contentUrl\":\"https:\\\/\\\/bbies.fr\\\/couches-lavables\\\/wp-content\\\/uploads\\\/2019\\\/12\\\/logo-web.jpg\",\"width\":364,\"height\":151,\"caption\":\"B'bies\"},\"image\":{\"@id\":\"https:\\\/\\\/bbies.fr\\\/couches-lavables\\\/#\\\/schema\\\/logo\\\/image\\\/\"},\"sameAs\":[\"https:\\\/\\\/www.facebook.com\\\/bbies.fr\\\/\",\"https:\\\/\\\/www.instagram.com\\\/bbies.fr\"]}]}<\/script>\n<!-- \/ Yoast SEO plugin. -->","yoast_head_json":{"title":"Ma 1er gourde , mod\u00e8le Wonder woman enfant , isotherme | B&#039;bies","description":"Cette gourde est un accessoire id\u00e9al qui accompagnera votre enfant lors de ses activit\u00e9s sportives, voyages scolaires ou lors de sorties en plein-air.","robots":{"index":"index","follow":"follow","max-snippet":"max-snippet:-1","max-image-preview":"max-image-preview:large","max-video-preview":"max-video-preview:-1"},"canonical":"https:\/\/bbies.fr\/couches-lavables\/boutique\/gourde-super-fille-enfant-stella-green\/","schema":{"@context":"https:\/\/schema.org","@graph":[{"@type":"WebPage","@id":"https:\/\/bbies.fr\/couches-lavables\/boutique\/gourde-super-fille-enfant-stella-green\/","url":"https:\/\/bbies.fr\/couches-lavables\/boutique\/gourde-super-fille-enfant-stella-green\/","name":"Ma 1er gourde , mod\u00e8le Wonder woman enfant , isotherme | B&#039;bies","isPartOf":{"@id":"https:\/\/bbies.fr\/couches-lavables\/#website"},"primaryImageOfPage":{"@id":"https:\/\/bbies.fr\/couches-lavables\/boutique\/gourde-super-fille-enfant-stella-green\/#primaryimage"},"image":{"@id":"https:\/\/bbies.fr\/couches-lavables\/boutique\/gourde-super-fille-enfant-stella-green\/#primaryimage"},"thumbnailUrl":"https:\/\/bbies.fr\/couches-lavables\/wp-content\/uploads\/2025\/03\/STELLA-03-gourde-super-fille-2-STELLA-GREEN.jpg","datePublished":"2025-03-04T08:10:34+00:00","dateModified":"2026-01-06T08:32:34+00:00","description":"Cette gourde est un accessoire id\u00e9al qui accompagnera votre enfant lors de ses activit\u00e9s sportives, voyages scolaires ou lors de sorties en plein-air.","breadcrumb":{"@id":"https:\/\/bbies.fr\/couches-lavables\/boutique\/gourde-super-fille-enfant-stella-green\/#breadcrumb"},"inLanguage":"fr-FR","potentialAction":[{"@type":"ReadAction","target":["https:\/\/bbies.fr\/couches-lavables\/boutique\/gourde-super-fille-enfant-stella-green\/"]}]},{"@type":"ImageObject","inLanguage":"fr-FR","@id":"https:\/\/bbies.fr\/couches-lavables\/boutique\/gourde-super-fille-enfant-stella-green\/#primaryimage","url":"https:\/\/bbies.fr\/couches-lavables\/wp-content\/uploads\/2025\/03\/STELLA-03-gourde-super-fille-2-STELLA-GREEN.jpg","contentUrl":"https:\/\/bbies.fr\/couches-lavables\/wp-content\/uploads\/2025\/03\/STELLA-03-gourde-super-fille-2-STELLA-GREEN.jpg","width":1080,"height":1080},{"@type":"BreadcrumbList","@id":"https:\/\/bbies.fr\/couches-lavables\/boutique\/gourde-super-fille-enfant-stella-green\/#breadcrumb","itemListElement":[{"@type":"ListItem","position":1,"name":"Accueil","item":"https:\/\/bbies.fr\/couches-lavables\/"},{"@type":"ListItem","position":2,"name":"Boutique Bbies","item":"https:\/\/bbies.fr\/couches-lavables\/boutique-bbies\/"},{"@type":"ListItem","position":3,"name":"Ma 1er gourde , mod\u00e8le Wonder woman enfant , isotherme"}]},{"@type":"WebSite","@id":"https:\/\/bbies.fr\/couches-lavables\/#website","url":"https:\/\/bbies.fr\/couches-lavables\/","name":"B'bies, couches lavables et r\u00e9utilisables","description":"De la naissance \u00e0 la propret\u00e9","publisher":{"@id":"https:\/\/bbies.fr\/couches-lavables\/#organization"},"alternateName":"BBIES","potentialAction":[{"@type":"SearchAction","target":{"@type":"EntryPoint","urlTemplate":"https:\/\/bbies.fr\/couches-lavables\/?s={search_term_string}"},"query-input":{"@type":"PropertyValueSpecification","valueRequired":true,"valueName":"search_term_string"}}],"inLanguage":"fr-FR"},{"@type":"Organization","@id":"https:\/\/bbies.fr\/couches-lavables\/#organization","name":"B'bies","url":"https:\/\/bbies.fr\/couches-lavables\/","logo":{"@type":"ImageObject","inLanguage":"fr-FR","@id":"https:\/\/bbies.fr\/couches-lavables\/#\/schema\/logo\/image\/","url":"https:\/\/bbies.fr\/couches-lavables\/wp-content\/uploads\/2019\/12\/logo-web.jpg","contentUrl":"https:\/\/bbies.fr\/couches-lavables\/wp-content\/uploads\/2019\/12\/logo-web.jpg","width":364,"height":151,"caption":"B'bies"},"image":{"@id":"https:\/\/bbies.fr\/couches-lavables\/#\/schema\/logo\/image\/"},"sameAs":["https:\/\/www.facebook.com\/bbies.fr\/","https:\/\/www.instagram.com\/bbies.fr"]}]}},"_links":{"self":[{"href":"https:\/\/bbies.fr\/couches-lavables\/wp-json\/wp\/v2\/product\/1717774","targetHints":{"allow":["GET"]}}],"collection":[{"href":"https:\/\/bbies.fr\/couches-lavables\/wp-json\/wp\/v2\/product"}],"about":[{"href":"https:\/\/bbies.fr\/couches-lavables\/wp-json\/wp\/v2\/types\/product"}],"replies":[{"embeddable":true,"href":"https:\/\/bbies.fr\/couches-lavables\/wp-json\/wp\/v2\/comments?post=1717774"}],"wp:featuredmedia":[{"embeddable":true,"href":"https:\/\/bbies.fr\/couches-lavables\/wp-json\/wp\/v2\/media\/1717777"}],"wp:attachment":[{"href":"https:\/\/bbies.fr\/couches-lavables\/wp-json\/wp\/v2\/media?parent=1717774"}],"wp:term":[{"taxonomy":"product_brand","embeddable":true,"href":"https:\/\/bbies.fr\/couches-lavables\/wp-json\/wp\/v2\/product_brand?post=1717774"},{"taxonomy":"product_cat","embeddable":true,"href":"https:\/\/bbies.fr\/couches-lavables\/wp-json\/wp\/v2\/product_cat?post=1717774"},{"taxonomy":"product_tag","embeddable":true,"href":"https:\/\/bbies.fr\/couches-lavables\/wp-json\/wp\/v2\/product_tag?post=1717774"}],"curies":[{"name":"wp","href":"https:\/\/api.w.org\/{rel}","templated":true}]}}