{"id":1729352,"date":"2024-06-16T07:20:00","date_gmt":"2024-06-16T05:20:00","guid":{"rendered":"https:\/\/bbies.fr\/couches-lavables\/?post_type=product&#038;p=1729352"},"modified":"2026-04-20T12:33:31","modified_gmt":"2026-04-20T10:33:31","slug":"patchs-anti-cernes-aloe-paris","status":"publish","type":"product","link":"https:\/\/bbies.fr\/couches-lavables\/boutique\/patchs-anti-cernes-aloe-paris\/","title":{"rendered":"Patchs anti-cernes &#8211; Aloe Paris"},"content":{"rendered":"<h2>La marque Aloe Paris<\/h2>\n<div id=\"utilisation_text\" class=\"rte\" data-is-open=\"true\">\n<p class=\"isSelectedEnd\">Aloe Paris est une marque de skincare fran\u00e7aise qui associe la puissance de l\u2019aloe vera \u00e0 une approche dermo-cosm\u00e9tique moderne. Elle d\u00e9veloppe des soins naturels, sensoriels et performants, con\u00e7us pour hydrater, apaiser et sublimer la peau tout en respectant son \u00e9quilibre.<\/p>\n<p>Pens\u00e9e comme une routine simple et efficace, la marque mise sur des formules concentr\u00e9es, test\u00e9es dermatologiquement et engag\u00e9es pour une beaut\u00e9 plus clean et responsable.<\/p>\n<\/div>\n<div data-is-open=\"true\"><\/div>\n<div data-is-open=\"true\">\n<hr \/>\n<\/div>\n<p>&nbsp;<\/p>\n<p class=\"isSelectedEnd\">Les patchs ont \u00e9t\u00e9 con\u00e7us pour lisser, d\u00e9fatiguer et illuminer le contour des yeux en un seul geste. Gr\u00e2ce \u00e0 sa texture hydrogel \u201cseconde peau\u201d, le patch \u00e9pouse parfaitement la zone fragile du regard, maintenant la formule au contact de la peau pour maximiser son efficacit\u00e9 et le confort d\u2019application.<\/p>\n<p class=\"isSelectedEnd\">D\u00e8s la pose, une sensation de fra\u00eecheur imm\u00e9diate aide \u00e0 r\u00e9veiller le regard et procure un effet \u201cgla\u00e7on\u201d agr\u00e9able. En 15 minutes, la peau para\u00eet plus souple, plus lisse et visiblement repos\u00e9e.<\/p>\n<p class=\"isSelectedEnd\">Avec une utilisation r\u00e9guli\u00e8re, ils agissent comme un soin cibl\u00e9 pour am\u00e9liorer l\u2019apparence des cernes, des poches et des signes de fatigue. Ils s\u2019int\u00e8grent facilement dans une routine quotidienne, que ce soit avant un rendez-vous, apr\u00e8s une nuit courte ou \u00e0 tout moment o\u00f9 le regard a besoin d\u2019\u00eatre raviv\u00e9.<\/p>\n<p>Adapt\u00e9 \u00e0 tous les types de peaux, m\u00eame sensibles, il offre une solution simple, rapide et efficace pour retrouver un regard lumineux jour apr\u00e8s jour.<\/p>\n<div id=\"utilisation_text\" class=\"rte\" data-is-open=\"true\">\n<div data-is-open=\"true\"><\/div>\n<div data-is-open=\"true\">\n<p>&nbsp;<\/p>\n<hr \/>\n<h3><\/h3>\n<h3><\/h3>\n<\/div>\n<h3>Comment l\u2019utiliser ?<\/h3>\n<p>1- Nettoyez le contour de vos yeux et s\u00e9chez les<\/p>\n<p>2- Appliquez les patchs sous chaque oeil<\/p>\n<p>3- Laissez poser entre 15 minutes<\/p>\n<p>4 \u2013 Retirez les patchs d\u00e9licatement, en partant des extr\u00e9mit\u00e9s<\/p>\n<p>5- Massez pour faire p\u00e9n\u00e9trer le surplus, sans rincer<\/p>\n<\/div>\n<hr \/>\n<h3><\/h3>\n<h3>Pr\u00e9cautions d\u2019usages<\/h3>\n<ul>\n<li>Eviter tout contact direct avec les yeux.<\/li>\n<li>Tenir hors de port\u00e9e des enfants.<\/li>\n<li>Ne pas appliquer sur une peau irrit\u00e9e<\/li>\n<li>Conserver dans un endroit frais, \u00e0 l\u2019abri de la chaleur et de la lumi\u00e8re (&lt;21\u00b0C)<\/li>\n<\/ul>\n<p>&nbsp;<\/p>\n<hr \/>\n<h3><\/h3>\n<h3>Contenance<\/h3>\n<p>1 pot = 60 patchs = 30 paires (1 mois)<\/p>\n<p>&nbsp;<\/p>\n<hr \/>\n<h3><\/h3>\n<h3>Ingr\u00e9dients<\/h3>\n<div class=\"prodcut--accordion--header border-0\">\n<div id=\"des-3\" class=\"prodcut--accordion--content d-lg-block collapse \">\n<div id=\"des-3\" class=\"prodcut--accordion--content d-lg-block collapse \">\n<div id=\"replo-carousel::R5r2:\" class=\"r-xkzg5t\" role=\"region\" data-rid=\"febea077-3349-495a-a847-69ef53243dc6\" aria-label=\"Carousel\" data-replo-carousel=\"true\">\n<div class=\"r-7tfp1r\" data-rid=\"3326a70d-6929-450f-91ec-95b1d74fc330\">\n<div class=\"r-2nlzun\" data-rid=\"ca151cdb-632b-4460-849c-83f5d6b2affa\">\n<div id=\"replo-carousel:Rnlr2::track\" dir=\"ltr\" tabindex=\"-1\" role=\"region\" data-replo-component-root=\"carousel\" data-replo-part=\"slides\" data-replo-root-id=\"replo-carousel:Rnlr2:\" data-orientation=\"horizontal\" data-active-slide-position=\"start\" aria-label=\"Carousel slides\" data-is-hydrated=\"true\">\n<div data-replo-component-root=\"carousel\" data-replo-part=\"slide-track\" data-replo-root-id=\"replo-carousel:Rnlr2:\" data-orientation=\"horizontal\" data-active-slide-position=\"start\">\n<div id=\"replo-carousel:Rnlr2::slide:0:R3nlr2:\" class=\"r-1mxqao9\" tabindex=\"-1\" role=\"group\" data-replo-component-root=\"carousel\" data-replo-part=\"slide\" data-replo-root-id=\"replo-carousel:Rnlr2:\" data-slide-index=\"0\" data-slide-source-index=\"0\" data-is-active=\"true\" data-slide-id=\"replo-carousel:Rnlr2::slide:0\" aria-label=\"Slide 1\" data-component-id=\"556d564c-1f24-427c-a196-8418f68250b9\" data-is-target=\"true\">\n<div class=\"r-v22ovl\" data-rid=\"556d564c-1f24-427c-a196-8418f68250b9\">\n<div class=\"r-17hp563\" data-rid=\"1b5e919c-12c5-4bd1-802c-4b95d06a4932\">\n<div class=\"r-niygvr\" data-rid=\"b2273594-7e4c-470b-bd85-ead7e6143335\">\n<div class=\"r-1f7n0so\" data-rid=\"d46cb9a0-6eb3-4324-ad62-0f0dc2737da5\">\n<div class=\"r-hd7kt2\" data-rid=\"454c2667-2ab0-413a-ab46-4a6f1597101f\">\n<div class=\"r-1kg64s2 alchemy-rte\" data-rid=\"ae46aa9c-82a0-4159-856b-d62278c8c272\">\n<p>Aqua, Propanediol, Butylene Glycol, Hydrolyzed Collagen, Algae Extract, Aloe Barbadensis Leaf Extract, Betaine, Sodium Hyaluronate, Hydroxyethylcellulose, Mica, CI 77891, Retinol (Vitamin A), Tocopherol (Vitamin E), Niacinamide, Hydroxyacetophenone<\/p>\n<\/div>\n<\/div>\n<\/div>\n<\/div>\n<\/div>\n<\/div>\n<\/div>\n<\/div>\n<\/div>\n<\/div>\n<\/div>\n<\/div>\n<\/div>\n<\/div>\n<\/div>\n","protected":false},"excerpt":{"rendered":"<p class=\"isSelectedEnd\">Entre les journ\u00e9es bien remplies et les nuits parfois trop courtes, les patchs anti-cernes en hydrogel Aloe Paris offrent aux mamans une pause bien m\u00e9rit\u00e9e. En seulement 15 minutes, ils aident \u00e0 retrouver un regard plus frais, comme repos\u00e9. Leur technologie \u201cseconde peau\u201d adh\u00e8re parfaitement sans glisser, pour agir efficacement pendant que vous vous occupez de tout\u2026 m\u00eame de vos enfants.<\/p>\n<p class=\"isSelectedEnd\">D\u00e8s la premi\u00e8re utilisation, le contour de l\u2019\u0153il para\u00eet plus lisse, hydrat\u00e9 et d\u00e9fatigu\u00e9.<\/p>\n<ul>\n<li><strong>Aloe vera<\/strong> : hydrate en profondeur et apaise imm\u00e9diatement<\/li>\n<li><strong>Acide hyaluronique<\/strong> : prot\u00e8ge et maintient l\u2019hydratation de la peau<\/li>\n<li><strong>Collag\u00e8ne marin<\/strong> : lisse les ridules et renforce la structure de la peau<\/li>\n<li><strong>Algues marines<\/strong> : stimulent l\u2019\u00e9clat et aident \u00e0 r\u00e9veiller le regard<\/li>\n<\/ul>\n","protected":false},"featured_media":1729354,"comment_status":"closed","ping_status":"closed","template":"","meta":{"_acf_changed":false,"_et_pb_use_builder":"","_et_pb_old_content":"","_et_gb_content_width":""},"product_brand":[1630],"product_cat":[67,826,66],"product_tag":[],"class_list":{"0":"post-1729352","1":"product","2":"type-product","3":"status-publish","4":"has-post-thumbnail","6":"product_brand-aloe-paris","7":"product_cat-salle-de-bain","8":"product_cat-soin-visage-et-corps","9":"product_cat-zero-dechet","10":"pa_produits-patchs-anti-cernes","11":"pa_produits-visage","13":"first","14":"instock","15":"sale","16":"taxable","17":"shipping-taxable","18":"purchasable","19":"product-type-simple"},"bundled_by":[],"bundle_stock_status":"instock","bundle_stock_quantity":10,"bundle_virtual":false,"bundle_layout":"","bundle_add_to_cart_form_location":"","bundle_editable_in_cart":false,"bundle_sold_individually_context":"","bundle_item_grouping":"","bundle_min_size":"","bundle_max_size":"","bundle_price":[],"bundled_items":[],"bundle_sell_ids":[],"acf":[],"yoast_head":"<!-- This site is optimized with the Yoast SEO plugin v27.4 - https:\/\/yoast.com\/product\/yoast-seo-wordpress\/ -->\n<title>Patchs anti-cernes - Aloe Paris | B&#039;bies<\/title>\n<meta name=\"description\" content=\"Entre les journ\u00e9es bien remplies et les nuits parfois trop courtes, les patchs anti-cernes en hydrogel Aloe Paris offrent aux mamans une pause bien m\u00e9rit\u00e9e. En seulement 15 minutes, ils aident \u00e0 retrouver un regard plus frais, comme repos\u00e9. Leur technologie \u201cseconde peau\u201d adh\u00e8re parfaitement sans glisser, pour agir efficacement pendant que vous vous occupez de tout\u2026 m\u00eame de vos enfants. D\u00e8s la premi\u00e8re utilisation, le contour de l\u2019\u0153il para\u00eet plus lisse, hydrat\u00e9 et d\u00e9fatigu\u00e9.    Aloe vera : hydrate en profondeur et apaise imm\u00e9diatement  Acide hyaluronique : prot\u00e8ge et maintient l\u2019hydratation de la peau  Collag\u00e8ne marin : lisse les ridules et renforce la structure de la peau  Algues marines : stimulent l\u2019\u00e9clat et aident \u00e0 r\u00e9veiller le regard\" \/>\n<meta name=\"robots\" content=\"index, follow, max-snippet:-1, max-image-preview:large, max-video-preview:-1\" \/>\n<link rel=\"canonical\" href=\"https:\/\/bbies.fr\/couches-lavables\/boutique\/patchs-anti-cernes-aloe-paris\/\" \/>\n<script type=\"application\/ld+json\" class=\"yoast-schema-graph\">{\"@context\":\"https:\\\/\\\/schema.org\",\"@graph\":[{\"@type\":\"WebPage\",\"@id\":\"https:\\\/\\\/bbies.fr\\\/couches-lavables\\\/boutique\\\/patchs-anti-cernes-aloe-paris\\\/\",\"url\":\"https:\\\/\\\/bbies.fr\\\/couches-lavables\\\/boutique\\\/patchs-anti-cernes-aloe-paris\\\/\",\"name\":\"Patchs anti-cernes - Aloe Paris | B&#039;bies\",\"isPartOf\":{\"@id\":\"https:\\\/\\\/bbies.fr\\\/couches-lavables\\\/#website\"},\"primaryImageOfPage\":{\"@id\":\"https:\\\/\\\/bbies.fr\\\/couches-lavables\\\/boutique\\\/patchs-anti-cernes-aloe-paris\\\/#primaryimage\"},\"image\":{\"@id\":\"https:\\\/\\\/bbies.fr\\\/couches-lavables\\\/boutique\\\/patchs-anti-cernes-aloe-paris\\\/#primaryimage\"},\"thumbnailUrl\":\"https:\\\/\\\/bbies.fr\\\/couches-lavables\\\/wp-content\\\/uploads\\\/2026\\\/04\\\/ALOE_02.webp\",\"datePublished\":\"2024-06-16T05:20:00+00:00\",\"dateModified\":\"2026-04-20T10:33:31+00:00\",\"description\":\"Entre les journ\u00e9es bien remplies et les nuits parfois trop courtes, les patchs anti-cernes en hydrogel Aloe Paris offrent aux mamans une pause bien m\u00e9rit\u00e9e. En seulement 15 minutes, ils aident \u00e0 retrouver un regard plus frais, comme repos\u00e9. Leur technologie \u201cseconde peau\u201d adh\u00e8re parfaitement sans glisser, pour agir efficacement pendant que vous vous occupez de tout\u2026 m\u00eame de vos enfants. D\u00e8s la premi\u00e8re utilisation, le contour de l\u2019\u0153il para\u00eet plus lisse, hydrat\u00e9 et d\u00e9fatigu\u00e9. Aloe vera : hydrate en profondeur et apaise imm\u00e9diatement Acide hyaluronique : prot\u00e8ge et maintient l\u2019hydratation de la peau Collag\u00e8ne marin : lisse les ridules et renforce la structure de la peau Algues marines : stimulent l\u2019\u00e9clat et aident \u00e0 r\u00e9veiller le regard\",\"breadcrumb\":{\"@id\":\"https:\\\/\\\/bbies.fr\\\/couches-lavables\\\/boutique\\\/patchs-anti-cernes-aloe-paris\\\/#breadcrumb\"},\"inLanguage\":\"fr-FR\",\"potentialAction\":[{\"@type\":\"ReadAction\",\"target\":[\"https:\\\/\\\/bbies.fr\\\/couches-lavables\\\/boutique\\\/patchs-anti-cernes-aloe-paris\\\/\"]}]},{\"@type\":\"ImageObject\",\"inLanguage\":\"fr-FR\",\"@id\":\"https:\\\/\\\/bbies.fr\\\/couches-lavables\\\/boutique\\\/patchs-anti-cernes-aloe-paris\\\/#primaryimage\",\"url\":\"https:\\\/\\\/bbies.fr\\\/couches-lavables\\\/wp-content\\\/uploads\\\/2026\\\/04\\\/ALOE_02.webp\",\"contentUrl\":\"https:\\\/\\\/bbies.fr\\\/couches-lavables\\\/wp-content\\\/uploads\\\/2026\\\/04\\\/ALOE_02.webp\",\"width\":1024,\"height\":1024},{\"@type\":\"BreadcrumbList\",\"@id\":\"https:\\\/\\\/bbies.fr\\\/couches-lavables\\\/boutique\\\/patchs-anti-cernes-aloe-paris\\\/#breadcrumb\",\"itemListElement\":[{\"@type\":\"ListItem\",\"position\":1,\"name\":\"Accueil\",\"item\":\"https:\\\/\\\/bbies.fr\\\/couches-lavables\\\/\"},{\"@type\":\"ListItem\",\"position\":2,\"name\":\"Boutique Bbies\",\"item\":\"https:\\\/\\\/bbies.fr\\\/couches-lavables\\\/boutique-bbies\\\/\"},{\"@type\":\"ListItem\",\"position\":3,\"name\":\"Patchs anti-cernes &#8211; Aloe Paris\"}]},{\"@type\":\"WebSite\",\"@id\":\"https:\\\/\\\/bbies.fr\\\/couches-lavables\\\/#website\",\"url\":\"https:\\\/\\\/bbies.fr\\\/couches-lavables\\\/\",\"name\":\"B'bies, couches lavables et r\u00e9utilisables\",\"description\":\"De la naissance \u00e0 la propret\u00e9\",\"publisher\":{\"@id\":\"https:\\\/\\\/bbies.fr\\\/couches-lavables\\\/#organization\"},\"alternateName\":\"BBIES\",\"potentialAction\":[{\"@type\":\"SearchAction\",\"target\":{\"@type\":\"EntryPoint\",\"urlTemplate\":\"https:\\\/\\\/bbies.fr\\\/couches-lavables\\\/?s={search_term_string}\"},\"query-input\":{\"@type\":\"PropertyValueSpecification\",\"valueRequired\":true,\"valueName\":\"search_term_string\"}}],\"inLanguage\":\"fr-FR\"},{\"@type\":\"Organization\",\"@id\":\"https:\\\/\\\/bbies.fr\\\/couches-lavables\\\/#organization\",\"name\":\"B'bies\",\"url\":\"https:\\\/\\\/bbies.fr\\\/couches-lavables\\\/\",\"logo\":{\"@type\":\"ImageObject\",\"inLanguage\":\"fr-FR\",\"@id\":\"https:\\\/\\\/bbies.fr\\\/couches-lavables\\\/#\\\/schema\\\/logo\\\/image\\\/\",\"url\":\"https:\\\/\\\/bbies.fr\\\/couches-lavables\\\/wp-content\\\/uploads\\\/2019\\\/12\\\/logo-web.jpg\",\"contentUrl\":\"https:\\\/\\\/bbies.fr\\\/couches-lavables\\\/wp-content\\\/uploads\\\/2019\\\/12\\\/logo-web.jpg\",\"width\":364,\"height\":151,\"caption\":\"B'bies\"},\"image\":{\"@id\":\"https:\\\/\\\/bbies.fr\\\/couches-lavables\\\/#\\\/schema\\\/logo\\\/image\\\/\"},\"sameAs\":[\"https:\\\/\\\/www.facebook.com\\\/bbies.fr\\\/\",\"https:\\\/\\\/www.instagram.com\\\/bbies.fr\"]}]}<\/script>\n<!-- \/ Yoast SEO plugin. -->","yoast_head_json":{"title":"Patchs anti-cernes - Aloe Paris | B&#039;bies","description":"Entre les journ\u00e9es bien remplies et les nuits parfois trop courtes, les patchs anti-cernes en hydrogel Aloe Paris offrent aux mamans une pause bien m\u00e9rit\u00e9e. En seulement 15 minutes, ils aident \u00e0 retrouver un regard plus frais, comme repos\u00e9. Leur technologie \u201cseconde peau\u201d adh\u00e8re parfaitement sans glisser, pour agir efficacement pendant que vous vous occupez de tout\u2026 m\u00eame de vos enfants. D\u00e8s la premi\u00e8re utilisation, le contour de l\u2019\u0153il para\u00eet plus lisse, hydrat\u00e9 et d\u00e9fatigu\u00e9.    Aloe vera : hydrate en profondeur et apaise imm\u00e9diatement  Acide hyaluronique : prot\u00e8ge et maintient l\u2019hydratation de la peau  Collag\u00e8ne marin : lisse les ridules et renforce la structure de la peau  Algues marines : stimulent l\u2019\u00e9clat et aident \u00e0 r\u00e9veiller le regard","robots":{"index":"index","follow":"follow","max-snippet":"max-snippet:-1","max-image-preview":"max-image-preview:large","max-video-preview":"max-video-preview:-1"},"canonical":"https:\/\/bbies.fr\/couches-lavables\/boutique\/patchs-anti-cernes-aloe-paris\/","schema":{"@context":"https:\/\/schema.org","@graph":[{"@type":"WebPage","@id":"https:\/\/bbies.fr\/couches-lavables\/boutique\/patchs-anti-cernes-aloe-paris\/","url":"https:\/\/bbies.fr\/couches-lavables\/boutique\/patchs-anti-cernes-aloe-paris\/","name":"Patchs anti-cernes - Aloe Paris | B&#039;bies","isPartOf":{"@id":"https:\/\/bbies.fr\/couches-lavables\/#website"},"primaryImageOfPage":{"@id":"https:\/\/bbies.fr\/couches-lavables\/boutique\/patchs-anti-cernes-aloe-paris\/#primaryimage"},"image":{"@id":"https:\/\/bbies.fr\/couches-lavables\/boutique\/patchs-anti-cernes-aloe-paris\/#primaryimage"},"thumbnailUrl":"https:\/\/bbies.fr\/couches-lavables\/wp-content\/uploads\/2026\/04\/ALOE_02.webp","datePublished":"2024-06-16T05:20:00+00:00","dateModified":"2026-04-20T10:33:31+00:00","description":"Entre les journ\u00e9es bien remplies et les nuits parfois trop courtes, les patchs anti-cernes en hydrogel Aloe Paris offrent aux mamans une pause bien m\u00e9rit\u00e9e. En seulement 15 minutes, ils aident \u00e0 retrouver un regard plus frais, comme repos\u00e9. Leur technologie \u201cseconde peau\u201d adh\u00e8re parfaitement sans glisser, pour agir efficacement pendant que vous vous occupez de tout\u2026 m\u00eame de vos enfants. D\u00e8s la premi\u00e8re utilisation, le contour de l\u2019\u0153il para\u00eet plus lisse, hydrat\u00e9 et d\u00e9fatigu\u00e9. Aloe vera : hydrate en profondeur et apaise imm\u00e9diatement Acide hyaluronique : prot\u00e8ge et maintient l\u2019hydratation de la peau Collag\u00e8ne marin : lisse les ridules et renforce la structure de la peau Algues marines : stimulent l\u2019\u00e9clat et aident \u00e0 r\u00e9veiller le regard","breadcrumb":{"@id":"https:\/\/bbies.fr\/couches-lavables\/boutique\/patchs-anti-cernes-aloe-paris\/#breadcrumb"},"inLanguage":"fr-FR","potentialAction":[{"@type":"ReadAction","target":["https:\/\/bbies.fr\/couches-lavables\/boutique\/patchs-anti-cernes-aloe-paris\/"]}]},{"@type":"ImageObject","inLanguage":"fr-FR","@id":"https:\/\/bbies.fr\/couches-lavables\/boutique\/patchs-anti-cernes-aloe-paris\/#primaryimage","url":"https:\/\/bbies.fr\/couches-lavables\/wp-content\/uploads\/2026\/04\/ALOE_02.webp","contentUrl":"https:\/\/bbies.fr\/couches-lavables\/wp-content\/uploads\/2026\/04\/ALOE_02.webp","width":1024,"height":1024},{"@type":"BreadcrumbList","@id":"https:\/\/bbies.fr\/couches-lavables\/boutique\/patchs-anti-cernes-aloe-paris\/#breadcrumb","itemListElement":[{"@type":"ListItem","position":1,"name":"Accueil","item":"https:\/\/bbies.fr\/couches-lavables\/"},{"@type":"ListItem","position":2,"name":"Boutique Bbies","item":"https:\/\/bbies.fr\/couches-lavables\/boutique-bbies\/"},{"@type":"ListItem","position":3,"name":"Patchs anti-cernes &#8211; Aloe Paris"}]},{"@type":"WebSite","@id":"https:\/\/bbies.fr\/couches-lavables\/#website","url":"https:\/\/bbies.fr\/couches-lavables\/","name":"B'bies, couches lavables et r\u00e9utilisables","description":"De la naissance \u00e0 la propret\u00e9","publisher":{"@id":"https:\/\/bbies.fr\/couches-lavables\/#organization"},"alternateName":"BBIES","potentialAction":[{"@type":"SearchAction","target":{"@type":"EntryPoint","urlTemplate":"https:\/\/bbies.fr\/couches-lavables\/?s={search_term_string}"},"query-input":{"@type":"PropertyValueSpecification","valueRequired":true,"valueName":"search_term_string"}}],"inLanguage":"fr-FR"},{"@type":"Organization","@id":"https:\/\/bbies.fr\/couches-lavables\/#organization","name":"B'bies","url":"https:\/\/bbies.fr\/couches-lavables\/","logo":{"@type":"ImageObject","inLanguage":"fr-FR","@id":"https:\/\/bbies.fr\/couches-lavables\/#\/schema\/logo\/image\/","url":"https:\/\/bbies.fr\/couches-lavables\/wp-content\/uploads\/2019\/12\/logo-web.jpg","contentUrl":"https:\/\/bbies.fr\/couches-lavables\/wp-content\/uploads\/2019\/12\/logo-web.jpg","width":364,"height":151,"caption":"B'bies"},"image":{"@id":"https:\/\/bbies.fr\/couches-lavables\/#\/schema\/logo\/image\/"},"sameAs":["https:\/\/www.facebook.com\/bbies.fr\/","https:\/\/www.instagram.com\/bbies.fr"]}]}},"_links":{"self":[{"href":"https:\/\/bbies.fr\/couches-lavables\/wp-json\/wp\/v2\/product\/1729352","targetHints":{"allow":["GET"]}}],"collection":[{"href":"https:\/\/bbies.fr\/couches-lavables\/wp-json\/wp\/v2\/product"}],"about":[{"href":"https:\/\/bbies.fr\/couches-lavables\/wp-json\/wp\/v2\/types\/product"}],"replies":[{"embeddable":true,"href":"https:\/\/bbies.fr\/couches-lavables\/wp-json\/wp\/v2\/comments?post=1729352"}],"wp:featuredmedia":[{"embeddable":true,"href":"https:\/\/bbies.fr\/couches-lavables\/wp-json\/wp\/v2\/media\/1729354"}],"wp:attachment":[{"href":"https:\/\/bbies.fr\/couches-lavables\/wp-json\/wp\/v2\/media?parent=1729352"}],"wp:term":[{"taxonomy":"product_brand","embeddable":true,"href":"https:\/\/bbies.fr\/couches-lavables\/wp-json\/wp\/v2\/product_brand?post=1729352"},{"taxonomy":"product_cat","embeddable":true,"href":"https:\/\/bbies.fr\/couches-lavables\/wp-json\/wp\/v2\/product_cat?post=1729352"},{"taxonomy":"product_tag","embeddable":true,"href":"https:\/\/bbies.fr\/couches-lavables\/wp-json\/wp\/v2\/product_tag?post=1729352"}],"curies":[{"name":"wp","href":"https:\/\/api.w.org\/{rel}","templated":true}]}}